 highest common divisor of 288 and k.
9
Let w(l) = l**3 + 7*l**2 + 2. Let t be w(-7). Suppose 1 = -t*a + 91. Calculate the greatest common divisor of 18 and a.
9
Suppose -4*m - 560 = -4*o, -5*m + 3*o - 694 = o. Let u = -78 - m. Calculate the greatest common divisor of u and 24.
12
Suppose 0 = 3*f + 10 - 1. Let l(h) = -14*h + 2. Let b be l(f). Let g(n) = 5*n - 9. Let c be g(4). What is the greatest common factor of b and c?
11
Let v = 8 - 5. Suppose x = 3, 0*s + 4*x - 36 = -v*s. Let g = 13 - -3. What is the highest common divisor of s and g?
8
Let z(k) = k**2 + 4*k + 3. Let c be z(-4). Let y(o) = 4*o**3 + 4*o**2 + o - 3. Let t be y(c). Let q = 1 + 17. What is the highest common factor of t and q?
18
Let b(m) = 2*m + 3. Let t = -4 + 4. Let n be b(t). What is the greatest common factor of n and 6?
3
Let c(b) = 5*b - 7. Suppose 2*n = 10, 0 = 6*d - 5*d - 4*n + 15. Let x be c(d). Calculate the greatest common factor of x and 198.
18
Let w(d) = 2*d**2 + 45*d + 28. Let j be w(-22). Calculate the greatest common divisor of 162 and j.
6
Let k(c) = c**2 - 4*c + 6. Let q be k(6). What is the greatest common divisor of 12 and q?
6
Let d(u) be the second derivative of u**4/12 - 7*u**3/6 + 2*u**2 + u. Let z be d(7). What is the highest common divisor of z and 8?
4
Suppose -4*x = 3*t - 24, 5*x + 32 = 2*t + 2*t. Calculate the greatest common factor of 20 and t.
4
Let g = -7 - -11. Let s be g/3 + 1/(-3). Suppose 4*w + s = 4*d - 3, -4 = -2*d + w. What is the highest common divisor of 24 and d?
3
Suppose -t + 1360 = 4*t. What is the greatest common factor of 34 and t?
34
Let w(q) = -1. Let a(n) = -12*n + 1. Let s(p) = -a(p) - 4*w(p). Let t be s(8). What is the highest common divisor of t and 9?
9
Let n(p) = 79*p - 13. Let l be n(3). What is the highest common factor of l and 14?
14
Let l be 88/5 - (-9)/((-135)/(-6)). What is the highest common factor of l and 63?
9
Let o be ((-51)/(-6))/((-3)/(-6)). What is the highest common divisor of 153 and o?
17
Let r be (2/3)/((-13)/78). Let j be 4/(-16) - 101/r. Calculate the highest common factor of j and 25.
25
Suppose c - 116 = -3*c + 5*h, 0 = 4*c - h - 100. Calculate the highest common factor of c and 60.
12
Let l = -24 + 24. Let o = l + 36. Let j be 47/2 + 1/2. Calculate the greatest common factor of o and j.
12
Let b(z) = z**2 + z - 8. Let s be b(6). Calculate the greatest common factor of 51 and s.
17
Suppose -4*t = 5*y - y - 32, -17 = -4*t - y. Let p be 0 + t + 7/1. Let b be 48/20 + 2/(-5). What is the highest common factor of p and b?
2
Let n be 12*(-1 + 21/12). Suppose 0*m + 2*r = -m + n, 2*m - 23 = r. Let g be 30/4*(m - 5). What is the highest common divisor of 5 and g?
5
Suppose a + 25 = 5*f, 2*f + 4*a = -0*a - 12. Suppose -4*l - 14 = 5*m, 0*m + 3*l = -2*m. Let y be -2 + 3/m*-76. Calculate the greatest common divisor of f and y.
4
Let t be (-4 - -14)/(0 - -2). Suppose -t*v = -75 + 15. What is the highest common factor of 36 and v?
12
Suppose -2*q + 7 = 1. Suppose r + q = 37. What is the highest common divisor of 68 and r?
34
Let v(f) = f**3 + 14*f**2 + 12*f - 11. Let y be v(-13). What is the highest common factor of y and 3?
1
Let m be 0/(1 - 3)*1. Let w be (1 - m)*(2 + -1). Let r(h) = h**3 + 4*h**2 + 4. Let q be r(-4). Calculate the highest common factor of w and q.
1
Suppose -52*h + 54*h = 50. What is the greatest common factor of h and 10?
5
Let x(q) be the first derivative of q**4/4 - q**3 - q**2 - 2*q - 1. Suppose -2*v + 13 = 5. Let b be x(v). What is the greatest common divisor of b and 54?
6
Suppose 10*a - 5*a - 40 = 0. Let z be (2*1)/((-5)/(-10)). Calculate the highest common factor of z and a.
4
Let m = -14 - -24. Let t be 446/m + (-8)/(-20). Suppose 3*v = -2*u + 4*v + t, 93 = 4*u - v. Calculate the highest common factor of u and 60.
12
Suppose 0 = 4*x - 7*x + 33. What is the highest common divisor of 88 and x?
11
Let c be (8/(-10))/((-6)/300). Suppose c = l + 4*l. Calculate the greatest common divisor of 20 and l.
4
Let n(b) = 6*b - 4. Let t = -11 + 15. Let j be n(t). Calculate the highest common factor of j and 30.
10
Let s = 26 + -16. Let x be -4 - -182 - (0 - -2). Let l = x + -66. What is the highest common factor of l and s?
10
Let i be (-559)/(-4) + 2/8. Calculate the highest common factor of 20 and i.
20
Let w be (-5)/((-30)/114) + 2. What is the greatest common factor of 28 and w?
7
Suppose -2*v - 50 = -j, 3*v = -j - j + 65. Let h(w) = 4*w**2. Let r be h(2). What is the greatest common divisor of j and r?
8
Let w(f) = f**2 - 13*f + 9. Let r(u) = 5*u**2 - 64*u + 45. Let y(g) = 2*r(g) - 11*w(g). Let v be y(11). What is the greatest common divisor of v and 14?
7
Suppose -r + 25 = 2*r - 2*p, -5*p - 45 = -5*r. Let i(k) = -k**2 + 8*k - 4. Let m be i(r). What is the highest common factor of 1 and m?
1
Let i(l) be the first derivative of 9*l**4/4 + l**2 - l + 4. Let o be i(1). What is the highest common factor of o and 110?
10
Let j be 24/32 + (-3)/4. Suppose -x - 2*h + 42 = -j*h, 2*x - 2*h - 66 = 0. Let a be 26 + (2 - 0) + -4. What is the highest common divisor of x and a?
12
Let z = 59 - 44. Let p be -2 + (2/2 - -7). Calculate the highest common factor of z and p.
3
Let f(q) = -4*q. Let b be f(-3). Let r be (-3)/2 - (-1)/2. Let s be (2 - (r - -3)) + b. What is the greatest common factor of s and 36?
12
Let u(r) = -r**2 - 2*r - 1. Let y be (-7)/14*(1 + 1). Let z be u(y). Let d be z/(1 + 2) - -3. What is the highest common divisor of d and 9?
3
Let o = 5 - -21. Calculate the greatest common factor of o and 52.
26
Suppose -2*z - 4 = -4*z. Suppose z*f + 14 = 4*f. Suppose -2*c + 26 = n - 19, 143 = 3*n + 2*c. Calculate the greatest common factor of f and n.
7
Let u be (-2)/1 + (7 - -1). Suppose -c - 20 = -u*c. Suppose c*i - 50 = -i. What is the greatest common divisor of 25 and i?
5
Suppose 0 = 5*h + 2*h - 168. Suppose -31 = -4*y + 17. What is the highest common factor of h and y?
12
Let k = -3 - -8. Calculate the highest common factor of 15 and k.
5
Let j = 633 + -446. What is the greatest common factor of 17 and j?
17
Let v be 16/(-4) - -1 - -16. Calculate the greatest common divisor of v and 52.
13
Let y(w) = -2*w - 7. Let d be y(-5). Suppose -4*s = -4*z - 64, -2*s + 5*z + 35 = -0*s. Suppose -57 = -3*q + s. What is the greatest common divisor of q and d?
3
Suppose 0 = 2*k - h - 96 - 332, 3*k - 4*h = 632. Calculate the greatest common divisor of k and 27.
27
Let g = 25 - 16. Suppose g = -r - 4*n, 0 = 2*r + 3*n - 2. Let q(w) = -27*w - 4. Let m be q(-3). What is the greatest common factor of r and m?
7
Suppose 8 = g + 5*c - 2*c, 4*g - 58 = c. What is the greatest common divisor of g and 7?
7
Let s(d) = d**2 + d - 9. Let w be s(-7). Let a be -2*(-1 - 0) - -9. What is the highest common factor of a and w?
11
Let s(x) = -5*x**3 - x**2 + x + 1. Let i be s(-1). Suppose -3*y - 2 = -i*y. Let f be (y/(-4))/((-2)/24). What is the highest common divisor of 9 and f?
3
Suppose 4*i = -2*v + 270, 31 - 101 = -i - v. What is the highest common factor of i and 26?
13
Suppose 70 = 4*w - 2. What is the greatest common factor of 9 and w?
9
Let m(y) = -y**3 - y**2 + 3*y - 1. Let v be m(-3). Let s = -6 + v. Let z = -17 + 35. Calculate the highest common factor of z and s.
2
Let d(y) = -y**2 + 8*y + 4. Let a be d(6). Calculate the highest common factor of a and 16.
16
Let z = 22 - 17. Suppose -2*l = -2*v + 38, 0*l - 103 = -z*v + 3*l. Calculate the highest common divisor of v and 23.
23
Suppose -1 - 1 = 2*q. Let t be (-156)/(-12) + q/1. Calculate the highest common factor of 60 and t.
12
Suppose w = 3*w - 8. Suppose -w*g + 168 = -3*g. What is the greatest common factor of 24 and g?
24
Suppose -x + 2 = -0*x. Let c(h) = h - 4. Let f be c(7). Suppose -x*a - 3*a + 3*y + 459 = 0, -f*a + 273 = -y. What is the greatest common factor of a and 10?
10
Let f(l) = 2*l - 1. Let v be f(3). Let c = v + -1. Suppose -5*p + 85 = 4*q, 5*p + 4 = c*p - 5*q. What is the greatest common factor of p and 3?
3
Let o(v) = 68*v**2 - 17*v + 20. Let b(w) = -23*w**2 + 6*w - 7. Let p(l) = 11*b(l) + 4*o(l). Let d be p(-3). What is the greatest common divisor of 30 and d?
30
Let f be (-12)/4 + (-16)/(-2). Suppose -4*s = -5*k - 6 + 20, f*s + 13 = 4*k. Let y be (7/14)/(s/(-8)). What is the greatest common factor of 32 and y?
4
Suppose 5*j - 6*j + 34 = 0. Let b